
cf0
In base 6, what is -425402 - 5?
-425411
In base 6, what is -3500 - -10333?
2433
In base 16, what is 8ff7f + -2?
8ff7d
In base 8, what is -53 - 3721?
-3774
In base 5, what is -30 + -114333?
-114413
In base 6, what is 2 - -533144?
533150
In base 2, what is -10011001011011 + 1?
-10011001011010
In base 6, what is -113 - 2403012?
-2403125
In base 12, what is 94434 + -4?
94430
In base 14, what is 3 + -21a1?
-219c
In base 4, what is 11232113202 - 3?
11232113133
In base 15, what is 2289 - -da?
2374
In base 3, what is 20120102 + 2?
20120111
In base 6, what is 3244 - 211?
3033
In base 3, what is -2 + 200200012?
200200010
In base 6, what is -25 - 411?
-440
In base 4, what is -3 - 121132022?
-121132031
In base 15, what is d3edb + -1?
d3eda
In base 9, what is 10 + 2032?
2042
In base 2, what is 101 + 11100111010100100?
11100111010101001
In base 9, what is 4181 + 6?
4187
In base 16, what is 14a396 + -1?
14a395
In base 2, what is 100010000 + -1010011?
10111101
In base 3, what is 120 + -102212210?
-102212020
In base 2, what is 10101 + -1000001010101101?
-1000001010011000
In base 7, what is -2 - -122160?
122155
In base 9, what is 1 - -2305821?
2305822
In base 8, what is -3 - 72706?
-72711
In base 3, what is 202112 + -220111?
-10222
In base 5, what is -10433200 - 23?
-10433223
In base 3, what is -10010021121100 - 2?
-10010021121102
In base 12, what is 6b50b + 5?
6b514
In base 8, what is 7562377 - 2?
7562375
In base 14, what is -1d + -28a2?
-28c1
In base 12, what is -18981 - 7?
-18988
In base 4, what is 31133310 + -21?
31133223
In base 10, what is -57 + 85?
28
In base 8, what is 4 - 350541?
-350535
In base 8, what is -5 - -1203160?
1203153
In base 10, what is -74 - -217?
143
In base 16, what is -2 + ce7?
ce5
In base 13, what is 0 - -23534?
23534
In base 5, what is 23140 - -4443?
33133
In base 7, what is 2443 + -466?
1644
In base 12, what is -946a - -1?
-9469
In base 2, what is 1000010111001110010001 + -100?
1000010111001110001101
In base 16, what is 3351 + -68?
32e9
In base 16, what is -6e29 + -e5?
-6f0e
In base 7, what is 13525465 + 3?
13525501
In base 2, what is -10001010010101100 - -1001000?
-10001010001100100
In base 16, what is -4 + 13534c?
135348
In base 15, what is 0 - 1a903?
-1a903
In base 6, what is 320 - 22241?
-21521
In base 16, what is 125 + b4d?
c72
In base 2, what is -101001001 - -111000100?
1111011
In base 5, what is 14 + 1030303?
1030322
In base 3, what is -2201 - -1200?
-1001
In base 16, what is -14 - -1bbb?
1ba7
In base 7, what is 45330 - -6?
45336
In base 7, what is -2 - -2334322?
2334320
In base 12, what is -9a42a - -5?
-9a425
In base 16, what is 1 + 11297?
11298
In base 15, what is -4a29 - -38?
-49e1
In base 15, what is 3aa3 + 144?
3be7
In base 15, what is 1 - -8808?
8809
In base 13, what is 3692 - 5?
368a
In base 8, what is 31 + 5315?
5346
In base 4, what is 23232201 + -1?
23232200
In base 4, what is 1231232 - 210?
1231022
In base 2, what is -1010011110110011 + -101?
-1010011110111000
In base 8, what is 1 + 12232?
12233
In base 4, what is -230 + 1330323?
1330033
In base 7, what is -1135500 + -3?
-1135503
In base 3, what is 112202102 + -221?
112201111
In base 14, what is 1 - 29a?
-299
In base 12, what is -1619 + 55a?
-107b
In base 4, what is 1113133 - -300?
1120033
In base 12, what is -b - -49a1?
4992
In base 3, what is 1101222 + -2001220?
-122221
In base 15, what is 3bdaa - -3?
3bdad
In base 10, what is -4 + -11098?
-11102
In base 14, what is 759 + -25?
734
In base 4, what is 3 + 1332031?
1332100
In base 7, what is 2532 + 1061?
3623
In base 3, what is -10 + 1121011120?
1121011110
In base 8, what is 1516 + 1507?
3225
In base 3, what is 1 + 1020012000?
1020012001
In base 7, what is 5512556 - -5?
5512564
In base 13, what is 14 - -518b?
51a2
In base 8, what is 2 + 101041?
101043
In base 16, what is 3 + 199a2?
199a5
In base 16, what is -4 - 48908?
-4890c
In base 4, what is 100332 + 3110?
110102
In base 8, what is -2317 - 1705?
-4224
In base 6, what is -451423 - -154?
-451225
In base 10, what is 1116 + -112?
1004
In base 7, what is -100 + 156?
56
In base 11, what is 3 - -21714?
21717
In base 6, what is 202343 - -3?
202350
In base 3, what is -1120 + -220002111?
-220011001
In base 15, what is 5b6d + 6?
5b74
In base 7, what is -4061100 - 3?
-4061103
In base 11, what is 4 + 478370?
478374
In base 16, what is 150a + 1?
150b
In base 10, what is -54 + -352?
-406
In base 14, what is 422 - -4d?
471
In base 10, what is 3 + -2638?
-2635
In base 13, what is -7 - 50a27?
-50a31
In base 13, what is 10a5b7b + -3?
10a5b78
In base 5, what is -2 + -142444202?
-142444204
In base 8, what is 13464 - 37?
13425
In base 14, what is -9189 - -3?
-9186
In base 9, what is -32111 - -20?
-32081
In base 10, what is 803 - -2505?
3308
In base 11, what is -53 + 384a?
37a7
In base 7, what is 343230 + 2?
343232
In base 15, what is -86dcc + 2?
-86dca
In base 14, what is 180c0 - 5?
180b9
In base 4, what is -2100 + 10313?
2213
In base 2, what is 101001010001100000011 + 100?
101001010001100000111
In base 7, what is -320036 + 15?
-320021
In base 3, what is 10011202201 - -1?
10011202202
In base 6, what is -41532 + -254?
-42230
In base 8, what is 137562 + -5?
137555
In base 7, what is -356 - 342?
-1031
In base 5, what is 3 + -30000132?
-30000124
In base 13, what is -87273 - 2?
-87275
In base 9, what is -178 - -416?
227
In base 2, what is 111110000010 + 110?
111110001000
In base 6, what is 3253240 + 3?
3253243
In base 14, what is 2 + 27b26?
27b28
In base 16, what is -5 - -2865e?
28659
In base 16, what is 5 + -1a657?
-1a652
In base 11, what is 2 + -111?
-10a
In base 10, what is 121382 - 3?
121379
In base 3, what is -10012 + -20122122?
-20202211
In base 2, what is -100011000001011 + -1010?
-100011000010101
In base 5, what is -11 - 113321?
-113332
In base 10, what is 2 - -9336?
9338
In base 8, what is -21 - 32504?
-32525
In base 7, what is 244564 - -10?
244604
In base 7, what is 12112 - 3?
12106
In base 8, what is -52 + -65176?
-65250
In base 11, what is -7a3 - 143?
-936
In base 14, what is -1c + -51b?
-539
In base 16, what is -a - 86?
-90
In base 4, what is 21011102 + 100?
21011202
In base 3, what is -10 + -11210002201?
-11210002211
In base 15, what is -16d - c9?
-247
In base 4, what is 320123013 + -30?
320122323
In base 13, what is -486 - -7?
-47c
In base 11, what is -a + 30504?
304a5
In base 3, what is -11 + 110002222220?
110002222202
In base 16, what is -3 - -8f768?
8f765
In base 14, what is 2 + -b65?
-b63
In base 6, what is -1 + -544315?
-544320
In base 3, what is -11221010000 - -102?
-11221002121
In base 10, what is 6495 + -2?
6493
In base 8, what is 156232 + 3?
156235
In base 4, what is 133 - 1102300?
-1102101
In base 2, what is 100 + -1111000000011101?
-1111000000011001
In base 16, what is -15 - 907?
-91c
In base 4, what is 11 - -202231302?
202231313
In base 3, what is -2120022 + 2?
-2120020
In base 13, what is 89a + 33?
900
In base 13, what is 33205 - -5?
3320a
In base 10, what is -1994 + 122?
-1872
In base 3, what is 11221210 - -201?
11222111
In base 4, what is 121 + -110121?
-110000
In base 4, what is -10 - 3031010?
-3031020
In base 3, what is -11010 + -1000002?
-1011012
In base 14, what is -23a64 + 9?
-23a59
In base 14, what is -21c + 173c?
1520
In base 10, what is 38888 + 13?
38901
In base 11, what is 16 + -3453?
-3438
In base 10, what is 3 + -22059?
-22056
In base 13, what is cc46 + -17?
cc2c
In base 12, what is 1 - -352722?
352723
In base 15, what is 52 - -62?
b4
In base 12, what is 1064 + -15?
104b
In base 2, what is 11 - 1011000101001101?
-1011000101001010
In base 16, what is 0 + -a8c6?
-a8c6
In base 14, what is ab63 - 1?
ab62
In base 12, what is 5aa996 + 1?
5aa997
In base 12, what is -b0a + 91?
-a39
In base 8, what is 6 - -104150?
104156
In base 12, what is 17 - -9bb?
a16
In base 12, what is 2 + -1b6489?
-1b6487
In base 2, what is 110110010110 + 1101?
110110100011
In base 9, what is -13 + -1167?
-1181
In base 6, what is 3 + 5120325?
5120332
In base 12, what is 9 + -3837?
-382a
In base 5, what is -20221 + -2213?
-22434
In base 16, what is 1 + 288ab?
288ac
In base 7, what is 16124 + -25?
16066
In base 9, what is -23527 - 205?
-23733
In base 13, what is -79968 + -1?
-79969
In base 9, what is -16605 + 8?
-16586
In base 7, what is -346650 + -22?
-350002
In base 5, what is